s digit of t?
9
Let k = -398 + 847. What is the hundreds digit of k?
4
Let o(m) = 4*m**2 - 13*m**2 + 14*m + 13 - 3*m**2 - m**3 + 7*m. What is the hundreds digit of o(-14)?
1
Let f(p) = -p**2 + 7*p - 7. Let c(l) = -l**2 + 11*l - 5 + 0*l - 2 - 3*l. Let o(a) = 5*c(a) - 4*f(a). What is the tens digit of o(10)?
1
Let u(f) = 295*f - 4. Suppose -2*m + 1 = -1. What is the tens digit of u(m)?
9
Let y(x) = 19*x**3 + 3*x + 1. Let f(a) = 18*a**3 + 4*a + 1. Let l(r) = -3*f(r) + 4*y(r). What is the tens digit of l(2)?
7
Suppose -76 = -2*r - r + 4*c, 2*r - 79 = -3*c. Let y = r - -35. Suppose b - 4*m - y = 0, -m + 4*m = b - 62. What is the units digit of b?
7
Let z be (-14)/(-7)*(0 + 1). Suppose 3*u + z*u + y = 223, -u - 4*y + 37 = 0. What is the tens digit of u?
4
Let q = -288 + 588. What is the tens digit of q?
0
Suppose -3*m + 336 = -m. Suppose -5*k + 0*v + 419 = 4*v, 2*k + 2*v - m = 0. What is the tens digit of k?
8
Suppose 6*z - 2 = 10. Suppose -2*c + 37 = z*d - 49, 109 = 3*c - 2*d. What is the units digit of c?
9
Let s(w) be the first derivative of -154*w**2 + 5*w + 14. What is the units digit of s(-1)?
3
Let u = 1172 - 248. What is the units digit of u?
4
Suppose -75*t + 829 = -74*t. What is the hundreds digit of t?
8
Let c = -13 + 45. Let k = 43 - c. What is the units digit of k?
1
What is the units digit of 12629/9 - (-10 + (-276)/(-27))?
3
Let a(p) = -5*p**2 - 6*p + 4. Let f(o) = 4*o**2 + 5*o - 5. Let m(j) = -5*a(j) - 6*f(j). What is the units digit of m(8)?
4
Suppose -502*v = -501*v - 1550. What is the thousands digit of v?
1
Suppose 4*x + 2*h = x + 20, 2*x = -h + 12. Suppose -o - x = -25. Let i = o + 2. What is the tens digit of i?
2
Suppose -3*u + 6389 = 4*p, -32*u + 31*u = -5*p - 2117. What is the thousands digit of u?
2
Let j(r) = r**3 + 13*r**2 + 25*r + 13. Let x be j(-11). Let z be (-728)/(-10) - 2/(-10). Let d = x + z. What is the tens digit of d?
5
Let r = -28 - -30. Suppose -4*p = -3*h + 47, -h = -p + r*p - 25. What is the tens digit of h?
2
Suppose -14*t - 5210 + 56912 = 0. What is the hundreds digit of t?
6
Suppose 11*r + 1097 = -674. Let z = 13 - r. What is the tens digit of z?
7
Suppose -k = -6*k - 35. Let c(q) = 3*q**2 - 13*q - 1. Let y be c(4). Let j = y - k. What is the units digit of j?
2
What is the units digit of (-87464)/(-28) + 2/7?
4
Let y(u) = 366*u + 7. What is the units digit of y(2)?
9
Suppose -3*w = 11*w - 19334. What is the hundreds digit of w?
3
Let f = -12 - -31. Let s = 51 - f. What is the units digit of s?
2
Let r = 0 - -6. Let a = 31 + -15. Suppose r*c = 4*c + a. What is the units digit of c?
8
Let l(d) = -d + 5. Let p be l(4). Let w = 1 + p. Suppose w*t - 2*a + 42 = 4*t, 0 = 3*t + 4*a - 64. What is the units digit of t?
0
Let p be (-2)/(-3) + 6/(-9). Suppose -4*l + 3*l + 3*i + 9 = 0, -5*l - 3*i + 45 = p. Let w = l - 5. What is the units digit of w?
4
Suppose -2*w + 8 = q, 0*q + 27 = -q + 5*w. What is the tens digit of (-180)/35*21/q?
5
Let t(v) = 2*v**2 - 7*v - 8. Let r(f) = f**2 - 3*f - 4. Let j(g) = 5*r(g) - 2*t(g). Let s be 4*3*1/(-4). What is the units digit of j(s)?
8
Suppose -4*m = m - 130. What is the units digit of 1382/m + 12/(-78)?
3
Let l = -586 + 2048. What is the hundreds digit of l?
4
Suppose m + 5*o = 636 - 223, 0 = -m + 3*o + 421. Suppose -3*a - m = -5*i, 5*i + 2*a - 417 = 4*a. What is the units digit of i?
3
Suppose -4*z + 2*t + 12 = 0, 2*t = z + 5*t - 3. Suppose 6*x = z*x. Suppose w = 3*f - 42, f + w - 6*w = x. What is the units digit of f?
5
Let z be (-103 - -1) + -1 - (-11 - -13). Let s = z - -112. What is the units digit of s?
7
Suppose -2*z + 1597 - 537 = 2*i, -2*z = 8. What is the hundreds digit of i?
5
Suppose -241 = 5*u + h - 2*h, 4*u + 194 = 2*h. What is the units digit of -84*(15/u*-4 + -3)?
7
Let y(k) = 6*k**2 - 3*k + 17. What is the tens digit of y(8)?
7
Let j(b) = b**3 - 7*b**2 - 6*b - 11. Suppose 4*r + 20 = -12. Let f be (-62)/r + 1/4. What is the units digit of j(f)?
5
Let z = -1715 + 2494. What is the tens digit of z?
7
Let l(f) be the third derivative of -f**6/120 + f**5/20 + f**3/3 - 3*f**2. Suppose -5*k - 13 = -d, 0 = 5*d + k - 10 - 3. What is the units digit of l(d)?
2
Let j(z) = -5*z**2 - 4*z. Let a(l) = 11*l**2 + 9*l + 1. Let f(b) = -3*a(b) - 7*j(b). What is the units digit of f(4)?
3
Suppose -432 - 50 = -f. What is the units digit of f?
2
Suppose -h - 8 = 4*g + 7, -2*h - 5*g = 15. Suppose 0 = f + 5 - 15. What is the tens digit of 2/f + 54/h?
1
Let b = -37 - -181. What is the units digit of b/(-27)*150/(-4)?
0
Suppose -2*n + 20*x - 25*x + 3757 = 0, -25 = 5*x. What is the tens digit of n?
9
Let k(i) be the first derivative of -i**2/2 + 12*i - 2. Let n = 1 - 14. What is the tens digit of k(n)?
2
Suppose 0*h = -20*h + 19680. What is the tens digit of h?
8
Let i be 51/12 - 3/12 - 1. Suppose -2*a + 299 = 3*y, 5*y - a = i*y + 204. What is the tens digit of y?
0
Let p = -20 - -29. Suppose 3*r = p, 5*g - 3*r = r + 303. What is the tens digit of g?
6
Let a = -182 - -349. Suppose a + 39 = 2*w. Let g = -68 + w. What is the tens digit of g?
3
Suppose 332 + 428 = 5*t. Let s = t + -75. What is the tens digit of s?
7
Let b be (43/3)/(2/(-18)). Let a = -60 - b. What is the units digit of a?
9
Let c = 0 - -6. Suppose -2*z + c*z - 4*o = -12, -3*o = -4*z - 8. What is the tens digit of (-2)/z*29/(-2)?
2
Suppose -48 = -6*c - 72. What is the units digit of ((-74)/c)/(27/18 - 1)?
7
What is the tens digit of (-3)/(2*3/(-260))?
3
Let m(k) be the third derivative of -k**6/120 - 11*k**5/60 + k**4/24 + 5*k**3/3 - k**2. Let c be m(-11). Let j = c - -17. What is the tens digit of j?
1
Let v be ((-20)/12)/(-5)*231. Suppose 291 + v = 4*a. Suppose 5*c + 3*d - a = 140, -3*d + 12 = 0. What is the tens digit of c?
4
Let c(z) = 10*z**2 - 27*z + 93. What is the hundreds digit of c(18)?
8
Let l(t) = t**2 + 14*t + 41. What is the units digit of l(20)?
1
Let m = 126 + -32. What is the hundreds digit of (m/4)/(8/48)?
1
Let q = 13 + 49. Let h = 133 - q. Let n = h - 51. What is the units digit of n?
0
Let z(r) = -r**2 - 7*r + 6. Let q be z(-7). Let o(h) = 20*h - 19. What is the units digit of o(q)?
1
Suppose -8*g = 8 + 8. What is the hundreds digit of 5174/(-39)*3/g?
1
Suppose -13*a = -10*a + 483. Let m = 281 + a. What is the hundreds digit of m?
1
Let p(d) = 7*d**2 + 12*d + 106. What is the hundreds digit of p(-10)?
6
What is the tens digit of (-112)/((-3)/(-15)*10/(-6))?
3
Suppose 2 = -2*r - 2. Let f(i) = -i + 2. Let m be f(r). Suppose -18 = -b + 2*u, -5*b - m*u = -2*u - 126. What is the units digit of b?
4
Suppose 4*r = 5*r - 3*a - 17, 2*a + 30 = 3*r. Let o(s) be the first derivative of s**3/3 - s**2 - 11*s - 1. What is the tens digit of o(r)?
3
Suppose 2*x = 3*k - 111, x = k + 2*x - 37. Let v be ((-36)/5)/(8/(-60)). Let c = v - k. What is the units digit of c?
7
Let h = -789 + 1262. What is the hundreds digit of h?
4
Let j = 393 + 44. What is the tens digit of j?
3
Suppose 0 = -4*c - 2*l + 143 + 35, 4*c = 2*l + 182. What is the units digit of c?
5
Suppose -3*h = 5*n - 35, -7*n - 2*h + 28 = -3*n. Let d(s) = 11*s + 18. What is the tens digit of d(n)?
9
Let y(j) be the third derivative of j**5/60 - j**4/4 - 3*j**3/2 - 246*j**2. Let k = -20 + 30. What is the units digit of y(k)?
1
Let p(a) = a**3 - 8*a**2 + 15*a - 4. Let c be (18*1)/2 + 9/(-9). What is the tens digit of p(c)?
1
Let z(g) = 6*g + 2. Let q be z(0). Suppose q*u - 350 = -2*f, 2*f + 391 = 3*u - 109. What is the units digit of u?
0
Suppose -34*l = -25*l - 2196. What is the tens digit of l?
4
Let z(l) = -407 + 3*l**2 - 4*l + 418 - 2*l**2. What is the tens digit of z(8)?
4
Let q = -14 - -16. Suppose -q*n + 30 = -18. What is the tens digit of n?
2
Let q be ((-5)/10)/(1/4). Let f be 0 + (0 + 4 - q). Suppose 4*x - 144 = -4*n, -f = 3*n - 0*n. What is the tens digit of x?
3
Let c(x) be the second derivative of -x**5/20 - 4*x**4/3 + x**2/2 - 16*x - 2. Suppose 0*v + 16 = -v. What is the units digit of c(v)?
1
Let v(c) be the first derivative of -c**4/4 + 2*c**3 - 6*c - 1. Let n be v(6). What is the units digit of (-3)/n - 53/(-2)?
7
Let x(a) = -8*a**2 + 8*a + 3. Let t be x(5). Let h = -60 - t. What is the tens digit of h?
9
Suppose 36*i + 35*i - 224502 = 0. What is the hundreds digit of i?
1
Suppose 0 = 3*a - 9, 4*a = 5*b - 4*b - 10. Let d be -2 + 1 + 15 + 1. Let 